at is the tens digit of u?
5
Suppose 0 = o + 2*o - 24. Let h(y) be the third derivative of y**5/60 - y**4/4 - 11*y**3/6 + 29*y**2 - 2*y. What is the units digit of h(o)?
5
Suppose 0*b = -4*v + 5*b + 5289, -4*v = -b - 5269. What is the units digit of v?
6
Suppose 96 + 345 = -7*u. Let c be 4/((-4)/(u - -3)). Suppose c = j + 2. What is the tens digit of j?
5
Let l = 11 + 691. What is the hundreds digit of l?
7
Let j = -20 - -107. Let l = j + -64. What is the tens digit of l?
2
Suppose -3*k = -4*c + 6*c - 646, -439 = -2*k - 3*c. What is the units digit of k?
2
Let h(m) = 14*m**2 - m - 6. Let i be h(-3). Let o = -72 + i. What is the tens digit of o?
5
Let h = 124 + -49. Let r = h + 101. What is the tens digit of r?
7
Let s = 150 + -59. What is the tens digit of s?
9
Let k(j) = 5*j**2 - j + 15. Let p(h) = -14*h**2 + 2*h - 44. Let y(g) = -11*k(g) - 4*p(g). What is the units digit of y(-11)?
9
Suppose 7*w - 1335 = 2*w. What is the hundreds digit of w?
2
Let f = 34 + -20. Suppose -7*q + 0*q + f = 0. Suppose 3*t = -4*w + 111, q*w = -0*w + t + 63. What is the tens digit of w?
3
Suppose 0 = -3*v, -3*m - 6*v + 5*v = -501. What is the tens digit of m?
6
What is the units digit of 3*-20*-8 - -7?
7
Let d(t) = -37 + 37 - 81*t. What is the tens digit of d(-1)?
8
Suppose 28749 = 28*u - 15995. What is the hundreds digit of u?
5
Let m = -3501 + 6612. What is the tens digit of m?
1
Let p(j) = -9*j**3 - 6*j**2 - 12*j - 49. What is the tens digit of p(-8)?
7
Let n(b) = 6*b + 596. What is the tens digit of n(59)?
5
Let h(z) = -z**2 + 10*z + 13. Let x be h(11). Suppose 10 = -2*p + x. Let c = p + 14. What is the tens digit of c?
1
Let w be (8/16)/(1/686). Let l(r) = -342*r + 15 + w*r - 4 + 18. What is the units digit of l(-8)?
1
Suppose -2*b + 5*c = -9, 3*c - 4*c - 1 = 0. Suppose -5*s - 2*n = -4*n - 332, 4*s + b*n = 262. What is the units digit of s?
6
Let d(i) = i**3 + 10*i**2 + 11*i + 2. Let w be d(-8). Suppose 3*l = -4*x - 9, -2*l + x - 24 = l. Let b = l + w. What is the units digit of b?
5
Let i be 4/(-16) - (-13)/4. Let t be 27/i - (-3 + 1). Suppose 4*b - 4 = 0, 0 = -v - 3*v - 3*b + t. What is the units digit of v?
2
Let n(t) = -16*t + 52. Let k(z) = z + 1. Let q(g) = 5*k(g) - n(g). What is the tens digit of q(10)?
6
Let b be (-144)/(-60) - 2/5. Let f be (6/(-2) + 3)/b. Suppose -3*k + 12 + 21 = f. What is the tens digit of k?
1
Let c = 364 + -659. Let f = c - -527. Suppose -5*t = -3*d - f, 5*t + 5*d + 63 = 303. What is the units digit of t?
7
Let c(j) = 3*j - 4. Let l be c(3). Suppose -l*p - 12 = -4*v - p, -2*v - 2*p = -22. Suppose -10*y = -v*y - 150. What is the units digit of y?
0
Suppose -s + 2*v + 428 = -3*v, -s = 4*v - 473. What is the hundreds digit of s?
4
Suppose -5*n + 27 = -63. Let o = n + -4. Suppose o*b + 8 = 15*b. What is the units digit of b?
8
Suppose 24*h + 5*h - 18125 = 0. What is the hundreds digit of h?
6
Let w(t) = 132*t + 232. What is the hundreds digit of w(8)?
2
What is the units digit of 29 - (4*(3 - 4) - 0)?
3
Suppose -642 = 5*q - 6*q + 4*p, 0 = -2*q - 3*p + 1339. What is the units digit of q?
2
Let k be (24/(-42))/(2/(-7)). Suppose k*v = 71 + 73. What is the tens digit of v?
7
Let a be ((0 - -1) + 1)/2. Let r(q) = q**2 + 5*q - 6. Let w be r(-7). Suppose w = o - a. What is the units digit of o?
9
Suppose 2*h + 2*d = 188, 0 = h + h - 2*d - 168. What is the units digit of h?
9
Let i = 3390 - 2190. What is the units digit of i?
0
Suppose -3*z + 1791 = 3*v, -2*v = v + 4*z - 1790. What is the tens digit of v?
9
Let m = -2780 + 6307. What is the hundreds digit of m?
5
What is the tens digit of (-22075)/10*32/(-40)?
6
Suppose -8 = a - 4*d, -a + 4*d = -4*a + 8. Suppose a + 6 = 2*j. Let b = 12 - j. What is the units digit of b?
9
Let p(k) = -k**3 + 11*k**2 + 14*k - 133. What is the tens digit of p(11)?
2
Suppose -6*n + 5*n = -2037. What is the thousands digit of n?
2
Suppose g = 2*g. Let l = g + 25. What is the units digit of l?
5
Suppose 46*i = 48*i - 426. Suppose 32*l = 35*l - i. What is the units digit of l?
1
Suppose -2*u - 62 = 40. Let k = u + 102. What is the units digit of k?
1
Let r(y) be the first derivative of y**4/4 - 11*y**3/3 - 3*y**2 + 16*y - 11. What is the tens digit of r(13)?
7
Let p(h) = -5*h. Let q(c) = 5*c + 1. Let m(g) = 6*p(g) + 5*q(g). What is the tens digit of m(-2)?
1
Let o(i) = 7*i**3 + 2*i**2 - 1. Let s(n) = 6*n**3 + 2*n**2 - n. Let r(v) = 2*o(v) - 3*s(v). Let b be r(1). Let d(k) = -3*k + 1. What is the units digit of d(b)?
6
Suppose 0 = -5*t + 2*g + g - 7, -g - 11 = 5*t. What is the units digit of (3 + 109/t)/((-4)/8)?
3
Suppose -9 = -j + 2*x - 3*x, -3*j + 37 = 5*x. Let b be (j - 4) + -57*3. Let c = -121 - b. What is the units digit of c?
0
Suppose -f + 0*f + 2 = 0. Suppose v + 21 = 5*k, -11 = -k - f*k - v. Suppose 3*t - 5*m - 41 = 0, t - 6*m + k*m - 15 = 0. What is the units digit of t?
7
Let j = 128 + 990. What is the tens digit of j?
1
Let r(q) = -q**3 - q**2 - q + 1. Let y(b) = 6*b**3 - 4*b**2 + 6*b + 3. Let k(g) = -5*r(g) - y(g). Let w be k(8). Let c = -33 + w. What is the units digit of c?
5
Suppose -17*n - 1439 = -20*n + 4*v, 0 = -3*n - 5*v + 1421. What is the hundreds digit of n?
4
Suppose 0 = -5*z - 4*q + 120, -2*z + 2*q = 17 - 47. Suppose 4*w = z + 24. What is the units digit of w?
1
Let s = 127 - -12. What is the units digit of s?
9
Let t = 202 + -108. Let h = t - 43. What is the units digit of h?
1
Let f(g) = -4*g**2 - g + 7. Let v(y) be the third derivative of -y**3/6 + 2*y**2. Let x(o) = -f(o) - 3*v(o). What is the tens digit of x(3)?
3
Let s(n) = -n**3 + 8*n**2 + 91*n + 11. What is the tens digit of s(14)?
0
Suppose -154*l = -153*l - 391. What is the tens digit of l?
9
Let i(c) = c + 11. Let x = -3 - -3. Let n be i(x). Suppose s = -y + n + 4, 80 = 5*s + 4*y. What is the units digit of s?
0
Suppose -18*i + 9*i + 2988 = 0. What is the tens digit of i?
3
What is the units digit of (-4627)/(-2) + (-29)/(-58)?
4
Let f(m) = m**2 - 19*m + 7. Let q be f(17). Let c be (-6)/4 - q/18. Suppose c = -4*a + z + 242, 2*a + 2*z - 126 = -0*a. What is the units digit of a?
1
Let y = 1493 - 988. What is the hundreds digit of y?
5
Let i be 10/(1/(-1) - -3). What is the units digit of (-1)/i - (-2103)/15?
0
Let y be (6/((-72)/123))/((-1)/4). Suppose o - y = 143. What is the tens digit of o?
8
What is the hundreds digit of 12710/(-123)*126/(-10)?
3
Let k(n) = -4*n - 16. Let g be (-22)/4 - 12/8. Let p be k(g). Suppose -4*a = -p - 24. What is the units digit of a?
9
Suppose 175 = -5*m - 0*m. Let l = 79 + m. Suppose -4 = 4*p - l. What is the units digit of p?
0
Suppose j - 5*n - 18 = -j, -j + 16 = n. Suppose 10*g + 476 = j*g. What is the units digit of g?
9
Let h(g) = -74*g**3 - 22*g - 51. What is the tens digit of h(-3)?
1
Suppose 5*d = 10*d - 290. What is the units digit of d?
8
Suppose -w + 128 = 5*h, 1 - 6 = 5*h. Let s = w + -83. What is the tens digit of s?
5
Let f be ((-2)/5)/((-5)/(-50)). Let i be (f/6)/(1/(-6)). Suppose 0 = -3*z - z + i. What is the units digit of z?
1
Suppose 3*u - 2*u + 4*i - 22 = 0, -3*i + 5 = -5*u. Let t(x) = 9*x**3 - x**2 + x + 1. What is the units digit of t(u)?
1
Let a be (-6)/(-8) - 549/(-36). Let u(s) = -s**3 + 16*s**2 + 6*s - 8. Let o be u(a). What is the units digit of 1*o*4/8?
4
Let x(p) = p**2 - 6*p - 10. Suppose w = 2*w - 9. Let l be (-30)/w*(-24)/10. What is the units digit of x(l)?
6
Suppose 4*f - f = 33. Let u(t) = 3*t + 1. What is the units digit of u(f)?
4
Suppose 6*c - 12358 = 2576. What is the thousands digit of c?
2
Let d(k) = 3*k + 24. Let a be d(-9). What is the hundreds digit of ((-80)/(-15))/(a/(-99))?
1
Suppose 0 = -569*w + 557*w + 13272. What is the hundreds digit of w?
1
Suppose -18*x + 4480 = -4*x. What is the units digit of x?
0
Let n = -3 - -10. Let a(g) = -g**2 + 11*g - 5. What is the units digit of a(n)?
3
Let l = 18 - 28. Let g = -2 - l. What is the units digit of g?
8
Let q(l) be the first derivative of 2*l**3/3 - l**2 - 16*l - 3. What is the hundreds digit of q(9)?
1
Suppose 0 = -4*b - 8. Let j(k) = 13*k + 2. Let f be j(b). Let h = f - -35. What is the units digit of h?
1
Suppose -d - 5 = 0, 3*d - 17 = u - 2*d. Let n = 81 + u. What is the units digit of n?
9
Let i(k) = 2*k**2 - 7*k - 1. Let o be i(4). Suppose 2*v - 121 = -0*v + 5*f, -2*f = -o*v + 187. Suppose 3*u = v